{"id":582,"date":"2021-07-18T08:41:13","date_gmt":"2021-07-18T08:41:13","guid":{"rendered":"https:\/\/demo.athemes.com\/botiga\/?post_type=product&#038;p=97"},"modified":"2026-03-09T15:11:17","modified_gmt":"2026-03-09T15:11:17","slug":"eternal-sunset-collection-lip-and-cheek-set-with-jojoba-oil","status":"publish","type":"product","link":"https:\/\/mininina.mastermarketing.cloud\/?product=eternal-sunset-collection-lip-and-cheek-set-with-jojoba-oil","title":{"rendered":"Collier Divina"},"content":{"rendered":"<p data-start=\"544\" data-end=\"638\">Le collier Divina r\u00e9unit plusieurs symboles qui donnent au bijou toute sa personnalit\u00e9.<\/p>\n<p data-start=\"640\" data-end=\"864\">Au centre, une croix orn\u00e9e de pierres vertes attire naturellement le regard. De chaque c\u00f4t\u00e9, deux m\u00e9dailles repr\u00e9sentant la Vierge Marie viennent encadrer le pendentif central et apporter une dimension symbolique au collier.<\/p>\n<p data-start=\"866\" data-end=\"998\">De petites pierres naturelles vertes viennent \u00e9galement ponctuer la cha\u00eene, ajoutant des touches de couleur discr\u00e8tes et lumineuses.<\/p>\n<p data-start=\"1000\" data-end=\"1158\">La cha\u00eene dor\u00e9e \u00e0 maillons donne de la pr\u00e9sence au bijou tout en restant \u00e9l\u00e9gante. L\u2019ensemble cr\u00e9e une pi\u00e8ce expressive, \u00e0 la fois symbolique et intemporelle.<\/p>\n<p data-start=\"1340\" data-end=\"1475\">Le collier Divina peut se porter seul comme pi\u00e8ce centrale ou s\u2019associer \u00e0 d\u2019autres colliers pour cr\u00e9er une composition personnelle.<\/p>\n<p data-start=\"1477\" data-end=\"1632\">R\u00e9alis\u00e9 en acier inoxydable dor\u00e9, il est con\u00e7u pour \u00eatre port\u00e9 tous les jours : il r\u00e9siste \u00e0 l\u2019eau, ne noircit pas et conserve son \u00e9clat dans le temps.<\/p>\n","protected":false},"excerpt":{"rendered":"<p data-start=\"1680\" data-end=\"1819\">Collier dor\u00e9 orn\u00e9 de plusieurs charms symboliques : croix avec pierres vertes, m\u00e9dailles de la Vierge Marie et petites pierres naturelles vertes.<\/p>\n<p data-start=\"1821\" data-end=\"1888\">Une pi\u00e8ce lumineuse et expressive qui associe symboles, d\u00e9tails verts et cha\u00eene dor\u00e9e.<\/p>\n<p data-start=\"1890\" data-end=\"2062\">\u2022 acier inoxydable dor\u00e9<br data-start=\"1913\" data-end=\"1916\" \/>\u2022 croix avec pierres vertes<br data-start=\"1943\" data-end=\"1946\" \/>\u2022 m\u00e9dailles Vierge Marie<br data-start=\"1970\" data-end=\"1973\" \/>\u2022 pierres naturelles vertes<br data-start=\"2000\" data-end=\"2003\" \/>\u2022 fermoir r\u00e9glable<br data-start=\"2021\" data-end=\"2024\" \/>\u2022 r\u00e9sistant \u00e0 l\u2019eau<br data-start=\"2043\" data-end=\"2046\" \/>\u2022 ne noircit pas<\/p>\n<p data-start=\"1588\" data-end=\"1752\">\n","protected":false},"featured_media":763,"comment_status":"open","ping_status":"closed","template":"","meta":[],"product_brand":[],"product_cat":[27],"product_tag":[55,47,50,57,59,58],"class_list":{"0":"post-582","1":"product","2":"type-product","3":"status-publish","4":"has-post-thumbnail","6":"product_cat-intemporels","7":"product_tag-acier-inoxydable-dore","8":"product_tag-collier-charms","9":"product_tag-collier-croix","10":"product_tag-collier-pierre-verte","11":"product_tag-collier-pierres-naturelles","12":"product_tag-collier-symbolique","14":"first","15":"instock","16":"shipping-taxable","17":"purchasable","18":"product-type-simple"},"jetpack_sharing_enabled":true,"_links":{"self":[{"href":"https:\/\/mininina.mastermarketing.cloud\/index.php?rest_route=\/wp\/v2\/product\/582","targetHints":{"allow":["GET"]}}],"collection":[{"href":"https:\/\/mininina.mastermarketing.cloud\/index.php?rest_route=\/wp\/v2\/product"}],"about":[{"href":"https:\/\/mininina.mastermarketing.cloud\/index.php?rest_route=\/wp\/v2\/types\/product"}],"replies":[{"embeddable":true,"href":"https:\/\/mininina.mastermarketing.cloud\/index.php?rest_route=%2Fwp%2Fv2%2Fcomments&post=582"}],"wp:featuredmedia":[{"embeddable":true,"href":"https:\/\/mininina.mastermarketing.cloud\/index.php?rest_route=\/wp\/v2\/media\/763"}],"wp:attachment":[{"href":"https:\/\/mininina.mastermarketing.cloud\/index.php?rest_route=%2Fwp%2Fv2%2Fmedia&parent=582"}],"wp:term":[{"taxonomy":"product_brand","embeddable":true,"href":"https:\/\/mininina.mastermarketing.cloud\/index.php?rest_route=%2Fwp%2Fv2%2Fproduct_brand&post=582"},{"taxonomy":"product_cat","embeddable":true,"href":"https:\/\/mininina.mastermarketing.cloud\/index.php?rest_route=%2Fwp%2Fv2%2Fproduct_cat&post=582"},{"taxonomy":"product_tag","embeddable":true,"href":"https:\/\/mininina.mastermarketing.cloud\/index.php?rest_route=%2Fwp%2Fv2%2Fproduct_tag&post=582"}],"curies":[{"name":"wp","href":"https:\/\/api.w.org\/{rel}","templated":true}]}}